erivative of j(g). Is a(3) prime?
False
Let m(k) = -k**2 + 2*k + 4. Let l be m(0). Let x(r) = -r + 8. Let v be x(l). Suppose 4*h = v*p - 0*h - 844, p = 4*h + 211. Is p composite?
False
Suppose -8*n = -57*n + 2578723. Is n a composite number?
False
Let i be 1/2*-2*0. Let t be (-1 + 7)*(-824)/(-24). Suppose 2*n = 4*a - i*n - t, 5*n = 15. Is a composite?
False
Let c be (-84)/10*(8 + -103). Suppose -k + 2*k = c. Suppose 161 = a - k. Is a a prime number?
False
Suppose 0*y = -6*y + 12. Suppose 3*w + 5*b - 328 = 0, 5*b - 434 = -y*w - 2*w. Suppose 5*x - w = 1149. Is x a prime number?
True
Suppose 0*h = -3*h + 3102. Suppose -26*l = -28*l + h. Is l composite?
True
Suppose 3788 = 12*o - 10*o + 5*b, 4*o + 5*b = 7576. Is o a prime number?
False
Let s = 26 + -26. Suppose -5*h + 2*x + 835 = s, 0*h - x = -h + 167. Is h composite?
False
Suppose -47567 = -5*c + 3*r, 24*c + 19034 = 26*c - 3*r. Is c composite?
False
Suppose -7003 = -3*h - 2*f, 0*f = -2*h + 4*f + 4658. Is h a prime number?
True
Suppose 3*y - 411410 = -5*v, 12*v - 1 = 11*v. Is y prime?
False
Is (-542465)/(-275) + 2/5 a prime number?
True
Let u = -3689 + 5923. Suppose -4*t - 3*h = -u, 3*t + 3*h = 4*t - 551. Is t composite?
False
Is (8*-94)/(-4) + -3 a prime number?
False
Let o(p) = p**3 - 6*p**2 + 5*p + 4. Let m = 1 + 4. Let z be o(m). Suppose 0 = z*l - 448 - 76. Is l a composite number?
False
Suppose 3*r - 18474 = -3*r. Is r a prime number?
True
Suppose -192573 = -34*h + 178129. Is h a composite number?
False
Let n be (-3)/((-6)/64)*(-17 + 16). Let o = n + 45. Is o a composite number?
False
Let q(y) = y**3 - 4*y**2 - 2*y - 5. Let d be q(4). Let m = d - -13. Suppose m = -5*j + 5*h + 890, 0 = -5*j + 4*h - h + 892. Is j prime?
True
Let t(w) = 931*w + 4. Let m be t(1). Suppose -m = -2*p + 607. Is p a prime number?
False
Let t be (0/3 - 3) + 25/1. Suppose t*j = 23*j - 647. Is j a prime number?
True
Let q(p) = -p**3 + 14*p**2 + 7*p - 51. Let z be q(15). Let k = -29 - z. Is k composite?
True
Is 2098719/196 + 5/4 prime?
True
Suppose 136 = g + 3*g. Let c = 83 - g. Let j = c - -268. Is j composite?
False
Let d = -2072 - -5293. Is d a composite number?
False
Let w(y) = -y - 5. Let k be w(-9). Let i be (-6)/((-3)/(6/k)). Suppose -7*t + i*t = -3164. Is t prime?
False
Let f = 15289 - 9032. Is f a composite number?
False
Is (-5)/20 - 3726009/(-84) a prime number?
True
Let n(q) = 350*q**2 + 11*q + 5. Is n(-6) a composite number?
False
Let b(m) = 390*m**2 + 18*m + 17. Is b(-1) a composite number?
False
Suppose -3*l + z + 14226 - 5048 = 0, 0 = l + z - 3066. Is l a prime number?
True
Let u be -2 + 1 - -1 - (-7 + 4). Suppose 4*p - a = 1773, -1324 = -3*p - 8*a + u*a. Is p a prime number?
True
Let j = -135108 + 207205. Is j prime?
False
Let v(c) be the first derivative of 51*c**2/2 - 28*c + 14. Is v(13) a prime number?
False
Suppose -g + 11051 = 3*l, -5*g + 61554 = -4*l + 6261. Is g a composite number?
False
Is (-194)/((-68)/93 - (-4)/6) prime?
False
Let n(x) be the third derivative of -37*x**6/60 - x**5/60 - x**4/24 - x**3/2 + 18*x**2. Is n(-2) prime?
True
Let s(j) = -3485*j + 16. Let m be s(-2). Suppose -m = -8*i - 6*i. Is i a prime number?
True
Let y(d) = -3*d + 3. Let o be y(3). Let z be o/18*(0 - 0). Suppose z = -j - 2*j + 393. Is j a composite number?
False
Let l be 21/2*14/21. Suppose -l*v + 15 = 1. Suppose -q + 327 = v*h, -3*h = 4*q + 2*h - 1296. Is q composite?
True
Suppose 5*n = -z + 25, 6*z - 3*z = -n + 5. Suppose -f + n*f - 716 = 0. Is f composite?
False
Suppose -8 = 3*w - u + 15, -2 = -2*w + 5*u. Is (26740/18)/2 - 2/w prime?
True
Let q(j) = -j - 5. Let y be q(-5). Suppose y = -4*s - 2*c + 2536, 3*s - 4*s - c = -635. Is s a prime number?
False
Let x = -11226 - -17627. Is x a prime number?
False
Suppose -46*i = -70*i + 282504. Is i a composite number?
True
Let c(j) be the second derivative of j**4/12 + 7*j**3/6 - 3*j**2/2 + 7*j. Let s be c(-6). Is -422*s/6 + 2 a prime number?
False
Is (94/(-282))/((4/11451)/(-4)) prime?
False
Let j = -1996 - -3944. Suppose 5*w + 208 = 5*k + j, 1383 = 4*w + 5*k. Is w composite?
False
Let j(n) = -n**3 + 9*n**2 + 2*n - 14. Let k(x) = -x**2 + x - 2. Let f be k(0). Let l be ((-15)/(-10))/(f/(-8)). Is j(l) prime?
False
Let u(p) = -2195*p**3 + 2*p**2 + p - 2. Let c be u(1). Let n = -1457 - c. Is n composite?
True
Suppose -6695 = -60*t + 65*t. Let q = -282 - t. Is q prime?
False
Let o be (-16797)/88 + (-5)/40. Suppose -k - 4 = j, 5 = -5*j - 10. Is o/(2 + 3/k) a prime number?
True
Suppose 6*x = q + 2*x, 5*q + x = -63. Is (-1574*3/q)/(3/6) a prime number?
True
Let b = 1069 + -492. Suppose -b = -y + 904. Is y prime?
True
Suppose -8339 - 28797 = -16*h. Is h prime?
False
Is (2 - 23235/10)/(1/(-2)) a prime number?
True
Let k(s) = 45*s**2 + 8. Is k(5) composite?
True
Suppose 0 = 3*l + y - 2768, 5*l + y + 2*y - 4620 = 0. Suppose 168 = -h + l. Let p = h - 502. Is p a prime number?
True
Let p(t) = 17*t**2 - 75*t + 185. Is p(-34) composite?
True
Let o = 48 + -57. Let z(j) = -j**3 + 3*j**2 + 8*j - 13. Is z(o) a prime number?
True
Let s = -2067 + 1233. Let l = s - -1877. Let i = l + -412. Is i a composite number?
False
Suppose 55756 = 15*k - 150509. Is k composite?
False
Suppose -5*b = 4*v - 25495, 3*b - 2*v + 5766 - 21041 = 0. Is b composite?
True
Suppose 0 = -5*s + 4*s + 1. Let g be (s - -23)*(11 + -10). Is 165/g + 2/16 prime?
True
Let o be 8/(-52) + 134/26. Suppose -o*t = -v - 518, 4*v + v - 88 = -t. Is t a composite number?
False
Let f(c) = -c**2 - 2*c + 3. Let p be 1*3/(-2)*2. Let l be f(p). Suppose -3*i - 3*b + 204 = l, -3*i - 2*b = 2*b - 203. Is i a composite number?
True
Suppose 0 = -p - u + 154, -5*u = 1 + 9. Let o = p - -139. Is o composite?
True
Let j(v) = v**3 + 14*v**2 + 13*v + 18. Let y be j(-13). Is (222/y)/(3/99) prime?
False
Suppose p = 10 + 17. Is (-10694)/(-9) + -1 - 6/p a composite number?
False
Let z be ((-6945)/10)/((-1)/2). Let b = z + 24. Suppose -b = -3*p - 4*y, -p + 2326 = 4*p - 3*y. Is p a prime number?
True
Let n(k) = -3*k**2 + 14*k. Let l(o) = -4*o**2 + 15*o. Let u(m) = -4*l(m) + 5*n(m). Is u(-17) composite?
True
Let g be (-2)/(-3) + (-34)/(-3). Let v be g*(4 - (-75)/(-20)). Suppose -x + 1662 = v*r - 6*x, 3*r - 2*x = 1662. Is r a composite number?
True
Let i(g) = -g + 1. Let b(z) = 84*z - 1. Let l(w) = b(w) - 6*i(w). Is l(7) prime?
False
Is (6/(-15))/(15/(-172275)) a composite number?
True
Let m = -51 - -19. Let q = 215 + m. Is q a prime number?
False
Suppose -4*t - 4*b - 1 = -b, 1 = 5*t + 3*b. Suppose 4*o + 156 = -t*n, 0*n + 131 = -3*o + 2*n. Let r = 2 - o. Is r composite?
False
Suppose 32097 = 3*y + 2*y + 2*b, b = 5*y - 32109. Is y a composite number?
False
Let a(z) = 50*z - 58. Let i be (-6)/12*-43 + (-3)/(-6). Is a(i) composite?
True
Let o(r) be the third derivative of -r**6/720 + r**5/60 - r**4/4 + 7*r**2. Let t(z) be the second derivative of o(z). Is t(-2) prime?
False
Let v(c) = 150*c**2 - 25*c + 2. Is v(7) a prime number?
True
Suppose 10*g - 6 = 14. Suppose -h - 2*t = -557, 5*h + g*t = t + 2767. Is h composite?
True
Let a(t) = 175*t - 2. Let b(y) = 350*y - 4. Let n(h) = 11*a(h) - 6*b(h). Is n(-5) a prime number?
True
Let c be (-1)/(-3) - 1/3. Suppose c = -4*t - t. Is 23 - -2*(1 + t) prime?
False
Let z be 5/(-15) - (-1)/3. Suppose z = k - 1608 - 661. Is k a prime number?
True
Suppose -5*b + 10*b = 15. Suppose -2*i = -r, r - 7 = -3*i + b. Suppose -i*h - 1 = -119. Is h prime?
True
Is 50/(-20)*(-1 + -12133) a composite number?
True
Suppose 0 = 2*y - 3*a - 39670, 3749 = 2*y - 2*a - 35925. Is y a composite number?
False
Let t = 24670 + -8859. Is t composite?
True
Suppose 5*g + 12 = 3*g. Let h be (8/6)/((-4)/g). Suppose -h*j + 296 + 126 = 0. Is j composite?
False
Let j(y) be the first derivative of -y**5/2 - y**4/4 - 2*y**3/3 - 5*y**2/2 + y + 7. Let c(h) be the first derivative of j(h). Is c(-2) composite?
False
Let q(w) = 2*w**2 + w + 38. Let h be q(-14). Suppose -u - d + 0*d = 157, 4*d = u + 157. Let f = u + h. Is f prime?
False
Suppose 103 = 2*o + z - 271, -3*z = 0. Let t = o + -313. Let x = t - -391. Is x a composite number?
True
Let p = 614 - -886. Suppose -3*f = -5*x - 1753, -p = -3*f - 2*x + 239. Is f a composite number?
True
Suppose -i + 7*i = 3942. Let c = 994 - i. Is c prime?
True
Is 3700530/225*(-15)/(-6) prime?
True
Suppose 0 = 4*h + 3*u - 11069, -3*